 What are the prime factors of i?
3
Suppose -2*f + 2*m + 555 = 3*f, 0 = 4*m - 20. What are the prime factors of f?
113
Let q(p) = -5*p - 6 + 12*p - 12*p. List the prime factors of q(-7).
29
Let l = -7 + 17. What are the prime factors of l?
2, 5
Let x(r) = 3*r**2 - 2*r + 1. Let v be x(1). Suppose h - v*l = -3*l - 1, -11 = -5*h - l. What are the prime factors of h?
3
Let p(n) = -2*n**3 - 2*n**2 - n - 2. Let r be p(-2). Suppose -l - r = 3*l. List the prime factors of 3*2/(-6)*l.
2
Let t = -6 - -6. Suppose t = z - 2*z + 2. List the prime factors of z.
2
Let h(a) = a**2 - 4*a - 1. Let v be h(4). What are the prime factors of (v + (0 - 0))*-14?
2, 7
Let n(y) = -y**2 - 8*y - 1. Let f = -12 - -6. List the prime factors of n(f).
11
Suppose -5*l + 2*s - 40 = 0, 4*l - l = 3*s - 33. Let y(a) be the first derivative of a**3/3 + 5*a**2/2 + 2*a - 13. List the prime factors of y(l).
2
Let a = -4 + 44. List the prime factors of a.
2, 5
List the prime factors of (2/(-4)*2)/((-3)/342).
2, 3, 19
What are the prime factors of -4 + 0 - -2 - -41?
3, 13
List the prime factors of (690/8)/((-19)/(-76)).
3, 5, 23
Let l = 59 - 26. List the prime factors of l.
3, 11
Suppose 6*u - 3*u - 25 = -4*r, -3*u - 3*r = -24. What are the prime factors of (-172)/(-14) - 2/u?
2, 3
Let g be (3/4)/(1/4). Let y be 7/(g/(-3) + 2). Suppose y*m - 3*m = 36. List the prime factors of m.
3
Let w(d) = d - 9. Let b be w(8). Suppose 5*g - 5*i = 40, -3*g + i = -0*i - 32. Let a = g + b. List the prime factors of a.
11
Let q = -79 + 254. What are the prime factors of q?
5, 7
Let z(a) = a**3 - 2*a**2 - 5*a. Let g = -11 - -15. List the prime factors of z(g).
2, 3
Let h(f) be the third derivative of f**5/60 - f**4/12 + f**3/2 + f**2. List the prime factors of h(4).
11
Suppose -3 - 20 = 2*a - 5*o, -2*o = -a - 9. Let q = a - -2. What are the prime factors of q?
3
Let s be 4/2*(-2)/(-4). What are the prime factors of (s + -7)*(4 - 7)?
2, 3
Let d be 1*35 - (-10)/(-5). Suppose -p - 3 = -2*s, -2*s - 5*p + 0*p + d = 0. List the prime factors of s.
2
Suppose 2*x + 2*q + 2 = 0, 2*x - 4*q + 0*q = -2. Let u(s) = -48*s**3 - s**2 + 1. What are the prime factors of u(x)?
2, 3
Let n be 1/2*(8 - 16). List the prime factors of n/6 + 74/3.
2, 3
Let v = 39 + -19. List the prime factors of v.
2, 5
Suppose -o + 588 - 146 = 4*b, -5*b - 4*o = -547. What are the prime factors of b?
3, 37
Let n be 22/4 - 3/2. Let v = 9 - n. Suppose -2*w + h + 40 = -2*h, 0 = -v*w + 5*h + 95. What are the prime factors of w?
17
Let r = 33 - 24. What are the prime factors of r?
3
What are the prime factors of -3*(-1 - (-26)/(-3))?
29
Let x(d) = 7*d - 2*d + 2*d - 5. Let g(b) = -b. Let w(m) = -6*g(m) - x(m). List the prime factors of w(-6).
11
Let o be (12/6)/((-1)/(-2)). Suppose -g = -2*a + 35, 3*a - o*g - 35 = g. What are the prime factors of a?
2, 5
Let k(t) = -t**2 + 10*t - 4. Let x be k(8). Suppose x = i + 2*i. List the prime factors of i.
2
Let d(c) = -2*c**3 + 4*c**2 + 2*c - 2. List the prime factors of d(-2).
2, 13
Suppose -4*u - 9*q + 8*q + 987 = 0, -2*u + 5*q = -499. List the prime factors of u.
13, 19
Let k(u) = u + 6. Let p be k(12). What are the prime factors of (-2*13)/(p/(-27))?
3, 13
Suppose 0 = -p, -3*y + 5*p = -8*y + 35. Suppose -11*l + y*l + 120 = 0. What are the prime factors of l?
2, 3, 5
Suppose 3*o - 2*o = 0. What are the prime factors of -2 - o - -1 - -11?
2, 5
Suppose -5*m = 2*i + 1 + 5, -i - 3 = 0. Suppose -5*v + 47 + 113 = m. List the prime factors of v.
2
Let t = 14 - -8. Suppose -2*u + n - 2*n = -43, -n + t = u. What are the prime factors of u?
3, 7
Suppose 0 = 2*z + 34 - 116. What are the prime factors of z?
41
Suppose 5*y + 5*c - 30 = 0, 4*y + 0*c + c = 24. What are the prime factors of y + (-6)/(-9)*3?
2
Let q(x) = 3*x**3 - 3*x**2 + 3*x. Let d(g) = g**2 + 6*g + 2. Let z be d(-6). List the prime factors of q(z).
2, 3
Suppose 2*j - x - 35 = 0, -4*x - 15 + 40 = 3*j. Suppose -6 = 3*k - 2*k. Let y = k + j. What are the prime factors of y?
3
What are the prime factors of -16*-2*(-4)/(-16)?
2
Suppose -4*c = 10*u - 12*u - 1206, -5*c = 4*u - 1514. List the prime factors of c.
2, 151
Let i(g) be the second derivative of g**5/4 - g**4/6 + g**3/3 - g**2/2 - g. Let j be i(1). Suppose j*s = 7 + 5. List the prime factors of s.
3
Let j(m) = m + 1. Let r be j(-1). Suppose r = -0*t - 4*t + 36. What are the prime factors of t?
3
Suppose -2*d = 4*k + 2*d - 184, 5*d + 210 = 5*k. What are the prime factors of k?
2, 11
Suppose 0 = -4*o - 12 - 108. Let n = -12 - o. List the prime factors of n.
2, 3
Let z(s) = s**3 - 5*s**2 - 9*s + 5. Let l be z(6). Let b = l - -23. List the prime factors of b.
2, 5
Suppose 0 = 5*w - 4*y - 8 + 32, -4*w = -5*y + 21. Let s = w - -9. What are the prime factors of s?
5
Suppose -6*x = -x - 310. Let n = x + -38. List the prime factors of n.
2, 3
Let o = 352 + -239. What are the prime factors of o?
113
Let f = -8 + 4. Let j(k) = k**3 + 5 + 3*k**2 - 2*k**2 + 3*k**2. List the prime factors of j(f).
5
Let j(n) = 2*n**3 - 5*n**2 + 2*n - 4. List the prime factors of j(4).
2, 13
Let a(k) = 6*k. Suppose -20 = -5*b - 5*h, 0 = b + 3*h - 2 + 4. What are the prime factors of a(b)?
2, 3, 7
Let i = -7 - -74. What are the prime factors of i?
67
Let f = -27 + 63. Suppose 131 - f = 5*n. Suppose 4*q = -4*d + 28, 2*q = 3*d + 3 - n. What are the prime factors of d?
2, 3
Suppose -a + 7*p = 3*p - 5, 4 = 3*a - p. Let s be ((-4)/(-6))/(a/6). Suppose -s*y + 25 = -7. List the prime factors of y.
2
Suppose 5*i = x + 3, -4*i = -2*x + 3*x + 3. Suppose -n - n = i. Suppose -4*p - 4 = n, 4*p + 8 = -g + 2*g. List the prime factors of g.
2
Let n(s) = -s + 9. Let q be n(-9). Suppose y = 4*y - q. What are the prime factors of y?
2, 3
Let u = 2 - -20. List the prime factors of u.
2, 11
Let w(j) = -j**3 + 8*j**2 + j - 8. Let f be w(8). Suppose 3*z - 40 = -5*x, -3*z = -4*x - f*x + 5. Suppose -z*h = -71 + 16. What are the prime factors of h?
11
Let r = 106 - -178. Let t be (-2)/(-9) + r/18. Let z = -6 + t. What are the prime factors of z?
2, 5
Let m(k) be the third derivative of -k**4/12 - k**3/6 - 2*k**2. Let f be m(5). Let v = f + 15. What are the prime factors of v?
2
List the prime factors of ((-2)/(-3))/((-58)/(-14703)).
13
Suppose -t - 4*t = -10. Suppose y - 17 = -w - t*w, 32 = 5*w - 2*y. List the prime factors of w.
2, 3
Let l be 1/(1 + -2) + 1. Let x = 13 + l. Suppose 5*q = x + 12. What are the prime factors of q?
5
Let g(d) = 2*d**2 - 1. What are the prime factors of g(-2)?
7
Let k(h) = -h - 4. Let g be k(-10). Let m = -1 - -6. Suppose 0 = -3*q + m*n + 61, -4*q = -g*n + 2*n - 68. List the prime factors of q.
2, 3
What are the prime factors of (-20)/(-15) - 3020/(-12)?
11, 23
Let s(l) = -l**3 + 6*l**2 - 3*l - 6. Let p be s(5). Suppose h + p*h = 85. List the prime factors of h.
17
Let o = -36 + 50. Suppose 3*c - 4*c = 5*d - 8, 3*c + 14 = 4*d. Suppose 2*m + 4*r = -0*r + o, 2*m - d*r = 2. List the prime factors of m.
3
Let f be (-1 + 3)*(2 + -3). Let l = f + 6. List the prime factors of l.
2
Suppose 12*l + 1512 = 4*d + 13*l, -4*d = -2*l - 1524. What are the prime factors of d?
379
Suppose 0 = -2*x + 3 + 3. Suppose 3*d = -2*r + 11, -2*r = -3*r + x*d + 1. Let h(i) = -i**3 + 6*i**2 - 2*i - 5. What are the prime factors of h(r)?
19
Let a be (0 + 3 + -1)/1. Let v(t) = -t**3 + 5*t**2 - 5*t + 2. Let y be v(3). Suppose 2*c = -y*q + 55, -q - 4*c + 47 = a*q. What are the prime factors of q?
3
Suppose -2*j = -10, 5*j + 49 = 5*g + 14. What are the prime factors of g?
2, 3
Suppose -4*j - 32 = -4*w, w - 2*j - 1 = 3. Let l be -1*(1 + -1)/2. Suppose -w = -4*h + 8, k + h - 18 = l. What are the prime factors of k?
13
Let f(h) = -6*h - 1. Let c be f(-2). Let k = 5 + c. What are the prime factors of 0 + k + 12/4?
19
Let d = -35 - -17. Let i = -11 - d. List the prime factors of i.
7
Suppose 13*k = 8*k + 300. List the prime factors of k.
2, 3, 5
Suppose -w + 4*k + 33 = 0, 6*w - 57 = 2*w + k. Let h = w - -2. List the prime factors of h.
3, 5
Let z(l) = -13*l**3 - 2*l**2 + 1. Let a be (-3 - -5)/(0 + -2). List the prime factors of z(a).
2, 3
Suppose i = 2*m + 1, -3*m = -3*i - 2*m + 3. List the prime factors of -28*((-1)/2)/i.
2, 7
Let i(r) = -11*r. Let p be i(-2). What are the prime factors of 422/p - (-14)/(-77)?
19
Let p(c) = -c**2 + 6*c + 18. What are the prime fac